 remainder when 5766 is divided by 26?
20
Calculate the remainder when 151 is divided by 40.
31
What is the remainder when 329 is divided by 33?
32
Calculate the remainder when 1341 is divided by 64.
61
Calculate the remainder when 409 is divided by 136.
1
What is the remainder when 363 is divided by 205?
158
What is the remainder when 1823 is divided by 203?
199
Calculate the remainder when 6651 is divided by 33.
18
What is the remainder when 90 is divided by 13?
12
Calculate the remainder when 57 is divided by 21.
15
Calculate the remainder when 100 is divided by 26.
22
Calculate the remainder when 286 is divided by 72.
70
Calculate the remainder when 135 is divided by 124.
11
What is the remainder when 527 is divided by 38?
33
Calculate the remainder when 125 is divided by 22.
15
What is the remainder when 135 is divided by 8?
7
What is the remainder when 113 is divided by 58?
55
What is the remainder when 4331 is divided by 90?
11
What is the remainder when 99 is divided by 6?
3
What is the remainder when 1457 is divided by 146?
143
Calculate the remainder when 1536 is divided by 110.
106
Calculate the remainder when 7672 is divided by 22.
16
What is the remainder when 28 is divided by 14?
0
What is the remainder when 233 is divided by 4?
1
Calculate the remainder when 172 is divided by 47.
31
What is the remainder when 151 is divided by 77?
74
Calculate the remainder when 2048 is divided by 19.
15
What is the remainder when 81 is divided by 27?
0
Calculate the remainder when 2809 is divided by 233.
13
What is the remainder when 1983 is divided by 5?
3
What is the remainder when 208 is divided by 21?
19
What is the remainder when 891 is divided by 20?
11
Calculate the remainder when 771 is divided by 74.
31
What is the remainder when 78 is divided by 28?
22
Calculate the remainder when 245 is divided by 34.
7
What is the remainder when 274 is divided by 69?
67
Calculate the remainder when 220 is divided by 24.
4
What is the remainder when 180 is divided by 60?
0
What is the remainder when 71 is divided by 19?
14
What is the remainder when 1194 is divided by 133?
130
Calculate the remainder when 121 is divided by 46.
29
Calculate the remainder when 3311 is divided by 65.
61
What is the remainder when 655 is divided by 73?
71
Calculate the remainder when 1204 is divided by 61.
45
What is the remainder when 68 is divided by 35?
33
Calculate the remainder when 2 is divided by 1.
0
Calculate the remainder when 76 is divided by 7.
6
Calculate the remainder when 2022 is divided by 250.
22
Calculate the remainder when 292 is divided by 48.
4
What is the remainder when 74 is divided by 19?
17
Calculate the remainder when 1077 is divided by 135.
132
Calculate the remainder when 892 is divided by 80.
12
What is the remainder when 157 is divided by 16?
13
What is the remainder when 545 is divided by 42?
41
What is the remainder when 6722 is divided by 27?
26
What is the remainder when 679 is divided by 113?
1
Calculate the remainder when 1025 is divided by 209.
189
What is the remainder when 324 is divided by 188?
136
Calculate the remainder when 3825 is divided by 1905.
15
Calculate the remainder when 269 is divided by 10.
9
Calculate the remainder when 391 is divided by 54.
13
Calculate the remainder when 686 is divided by 16.
14
Calculate the remainder when 185 is divided by 60.
5
Calculate the remainder when 879 is divided by 87.
9
What is the remainder when 4317 is divided by 127?
126
What is the remainder when 1750 is divided by 50?
0
What is the remainder when 2076 is divided by 231?
228
What is the remainder when 46 is divided by 15?
1
What is the remainder when 133 is divided by 17?
14
Calculate the remainder when 186 is divided by 21.
18
What is the remainder when 419 is divided by 140?
139
What is the remainder when 538 is divided by 29?
16
What is the remainder when 357 is divided by 133?
91
What is the remainder when 727 is divided by 17?
13
What is the remainder when 331 is divided by 67?
63
Calculate the remainder when 103 is divided by 8.
7
What is the remainder when 250 is divided by 129?
121
Calculate the remainder when 2237 is divided by 30.
17
Calculate the remainder when 661 is divided by 95.
91
What is the remainder when 59 is divided by 15?
14
What is the remainder when 98 is divided by 98?
0
Calculate the remainder when 699 is divided by 26.
23
Calculate the remainder when 55 is divided by 30.
25
Calculate the remainder when 4218 is divided by 76.
38
What is the remainder when 92 is divided by 68?
24
What is the remainder when 321 is divided by 110?
101
Calculate the remainder when 258 is divided by 41.
12
What is the remainder when 88 is divided by 23?
19
Calculate the remainder when 158 is divided by 31.
3
What is the remainder when 749 is divided by 47?
44
What is the remainder when 1306 is divided by 111?
85
Calculate the remainder when 255 is divided by 68.
51
What is the remainder when 149 is divided by 10?
9
Calculate the remainder when 105 is divided by 92.
13
Calculate the remainder when 828 is divided by 115.
23
Calculate the remainder when 260 is divided by 174.
86
What is the remainder when 354 is divided by 91?
81
Calculate the remainder when 5142 is divided by 35.
32
Calculate the remainder when 199 is divided by 34.
29
What is the remainder when 3864 is divided by 25?
14
What is the remainder when 119 is divided by 6?
5
What is the remainder when 190 is divided by 2?
0
What is the remainder when 568 is divided by 146?
130
Calculate the remainder when 922 is divided by 13.
12
What is the remainder when 13929 is divided by 35?
34
What is the remainder when 1979 is divided by 157?
95
What is the remainder when 75 is divided by 1?
0
Calculate the remainder when 24495 is divided by 8.
7
What is the remainder when 244 is divided by 39?
10
Calculate the remainder when 2539 is divided by 55.
9
Calculate the remainder when 153 is divided by 6.
3
What is the remainder when 32 is divided by 13?
6
What is the remainder when 597 is divided by 13?
12
What is the remainder when 46 is divided by 10?
6
Calculate the remainder when 1393 is divided by 227.
31
Calculate the remainder when 232 is divided by 19.
4
What is the remainder when 10283 is divided by 81?
77
Calculate the remainder when 511 is divided by 12.
7
Calculate the remainder when 255 is divided by 37.
33
Calculate the remainder when 192 is divided by 9.
3
Calculate the remainder when 79 is divided by 9.
7
Calculate the remainder when 447 is divided by 166.
115
What is the remainder when 107 is divided by 18?
17
Calculate the remainder when 3952 is divided by 20.
12
What is the remainder when 281 is divided by 64?
25
Calculate the remainder when 7546 is divided by 50.
46
What is the remainder when 740 is divided by 53?
51
Calculate the remainder when 215 is divided by 72.
71
What is the remainder when 223 is divided by 118?
105
What is the remainder when 99 is divided by 22?
11
What is the remainder when 42 is divided by 38?
4
What is the remainder when 650 is divided by 14?
6
Calculate the remainder when 327 is divided by 11.
8
What is the remainder when 115 is divided by 31?
22
Calculate the remainder when 209 is divided by 69.
2
Calculate the remainder when 186 is divided by 154.
32
What is the remainder when 92 is divided by 49?
43
What is the remainder when 9108 is divided by 3033?
9
Calculate the remainder when 758 is divided by 230.
68
What is the remainder when 5041 is divided by 219?
4
What is the remainder when 1526 is divided by 15?
11
Calculate the remainder when 7974 is divided by 28.
22
What is the remainder when 26258 is divided by 202?
200
What is the remainder when 771 is divided by 27?
15
Calculate the remainder when 3406 is divided by 155.
151
Calculate the remainder when 10938 is divided by 38.
32
Calculate the remainder when 2399 is divided by 48.
47
What is the remainder when 149 is divided by 57?
35
Calculate the remainder when 175 is divided by 18.
13
Calculate the remainder when 288 is divided by 23.
12
Calculate the remainder when 1317 is divided by 49.
43
What is the remainder when 464 is divided by 105?
44
What is the remainder when 392 is divided by 52?
28
Calculate the remainder when 1286 is divided by 428.
2
What is the remainder wh